. Let t(w) = -2*w - 1. Let u(l) = -6*t(l) - 5*z(l). Calculate u(4).
-6
Let x = 28 - 30. Let f(d) = -d**3 - 4*d**2 - 2*d + 2. What is f(x)?
-2
Let a(r) = -125*r + 1 + 378*r - 125*r - 130*r. Suppose 0 = -5*l - 1 + 6. Suppose -p = l - 4. What is a(p)?
-5
Let n(d) be the first derivative of -d**5/120 - 3*d**4/8 - 7*d**3/3 + 4. Let h(o) be the third derivative of n(o). Determine h(0).
-9
Suppose -2*z - 3*z = -20. Let x(b) = b. Let y(m) = 6*m. Let g(h) = z*y(h) - 21*x(h). Suppose 2*o = -o - 2*i - 10, 0 = -2*o + 3*i + 2. Give g(o).
-6
Let u = -13 - -11. Let s(r) = -4*r**2 - 3*r - 1. Determine s(u).
-11
Suppose -5*s + 5*c - c + 41 = 0, 3*s = c + 19. Let m(o) = -o**3 + 5*o**2 - o + 4. Give m(s).
-1
Let u(t) = t**2 + 3*t + 3. Let h(p) = p**2 + 1. Let s(c) = -6*h(c) + u(c). Give s(2).
-17
Let n be (9/6)/((-3)/(-8)). Let f(p) = 11*p - 10. Let m(o) = 5*o - 5. Let b(t) = -2*f(t) + 5*m(t). Give b(n).
7
Let u(h) = -h**2 - 6*h - 1. Let b be u(-5). Suppose b*z + 1 - 13 = 0. Let f(w) = 94*w**2 - 3 - 195*w**2 + 5*w + 100*w**2. Calculate f(z).
3
Let j(q) = 6*q**3 + 2*q**2 - q. Let x be j(1). Let d(s) = -s + 7*s**2 + x - 1 - 6*s**2. Let i be 3/(1 + 2)*0. Calculate d(i).
6
Suppose -4*v = 3*y - 2, 0 = -0*y + 3*y + 3*v - 3. Let s(z) = -2*z + 1 - z**y - z**3 + z + 4*z. Calculate s(-3).
10
Let x be (0 - -1)/(3/(-6)). Let g(n) = n**3 - n + 2. Determine g(x).
-4
Let u(j) = 5 + 0 - 6 - 3*j**2 - j. Give u(-2).
-11
Suppose -d + 38 - 14 = 0. Suppose 2*a = -2*a + d. Let j(w) be the third derivative of -w**6/120 + w**5/10 - w**4/12 + 5*w**3/6 + w**2. Calculate j(a).
-7
Let r(a) = 5*a**2 + 19*a + 4. Let q(x) be the first derivative of -x**3/3 - 2*x**2 - x - 3. Let j(i) = -11*q(i) - 2*r(i). What is j(-6)?
3
Suppose h = -7*h + 8. Let s(o) = 7*o. Give s(h).
7
Let b(r) = -3*r**2 + 3*r + 3*r**2 + 2*r**3 - r**3 + 1 - 3*r**2. Let p be 4 - (-1 - (-4 + 2)). Calculate b(p).
10
Let x(n) = 4*n**3 - 18*n**2 + 20*n + 22. Let r(h) = h**3 - 6*h**2 + 7*h + 7. Let k(o) = 7*r(o) - 2*x(o). Determine k(-7).
-9
Suppose 3*m + 0*m + 15 = 0. Let n(a) be the first derivative of -a**2/2 - 8*a - 38. Determine n(m).
-3
Suppose -5*w = 3*a - 109, 2*w - 3*a = 3*w - 29. Let k be 2/5 + (-108)/w. Let l(g) be the second derivative of g**4/12 + g**3 + 5*g**2/2 - g. What is l(k)?
0
Let l(y) = 9*y**2 - 27*y - y**2 - y**3 + 26*y + 5. What is l(8)?
-3
Suppose 5*d + 15 = n + d, 4*n - 5*d - 16 = 0. Let l(p) = p**3 + 4*p**2 + 3*p. Let x be l(-2). Let q(h) = 0*h**x - 6*h**3 + 0 + 1 - 2*h**2. What is q(n)?
5
Let q = 37 + -43. Let l(w) = -w - 4. Determine l(q).
2
Let x(t) = t**3 + 4*t**2 - 3*t + 6. Let j be 6/15 - 24/(-15). Suppose 0 = -j*c + 4*c. Suppose 2*n + g + 4 + 3 = c, 5*n + 34 = 3*g. What is x(n)?
-4
Suppose 7 = 2*s - 1. Suppose -n + 0*h - 4*h - 6 = 0, -s*n + 4*h = 24. Let v(z) = z**3 + 5*z**2 - 6*z - 5. What is v(n)?
-5
Let d(w) = -w**2 + 4*w + 7. Let o be d(5). Let k(i) = o*i**3 - 3*i**3 - 4*i**2 + 2 + 2*i**3. Let p = -3 + 6. Calculate k(p).
-7
Let a(y) = 2*y**2 + 6*y + 3. Let o(v) = -v**2 - 3*v - 2. Suppose 2*d = -5*b + 73 - 8, -4*b - 3*d = -59. Let t(k) = b*o(k) + 6*a(k). Calculate t(-3).
-4
Let c(m) = -m**2 + m. Let p(q) = 9*q**2 - 26*q - 17. Let j(b) = -3*b**2 + 9*b + 6. Let t(s) = -11*j(s) - 4*p(s). Let d(g) = -4*c(g) + t(g). Give d(0).
2
Let j(z) = -z - 3. Suppose 6*k = 3*k - 21. What is j(k)?
4
Let y(i) = 8 + 4*i**2 + 0*i**2 - 11*i + 11*i**3 + 5*i**2. Let a(t) = -5*t**3 - 4*t**2 + 5*t - 4. Let d(b) = 13*a(b) + 6*y(b). Suppose 6*n = 8 - 26. Give d(n).
-10
Let w(s) = 5*s**2 + 4 + s**3 - 16*s + 5 + 11*s - 2. What is w(-6)?
1
Let u = 15 + -10. Let p(j) = -j + u*j**3 + 8*j**3 + 0*j - 2*j**3. Give p(-1).
-10
Let u be 1*(-2)/(-1) - -2. Suppose -4*k + 17 = -9*k + 4*o, -u*k = 4*o - 8. Let w(x) = -x**3 - x**2 - x - 1. Determine w(k).
0
Let o(f) = -f**3 - 3*f + 2. Let b(m) = -3*m**3 + m**2 - 5*m + 3. Let r(d) = 2*b(d) - 5*o(d). Determine r(4).
-16
Let v(b) = -b**2 - 9*b - 7. Suppose 4*s + d + 26 = 0, -3*d + 18 = -4*s - 16. Give v(s).
7
Let l(d) = -4 + 6 - 4 + 3 + 2*d**2 - d**3 + 3*d. Let t(w) = -w**2 + 6*w + 10. Let j(f) = 2*f - 3. Let c be j(5). Let s be t(c). Give l(s).
1
Suppose 8 = 3*a - 4. Let j(v) = -v. What is j(a)?
-4
Let i(l) = -4*l**3 + 13*l**2 - 14*l. Let d(x) = 5*x**3 - 14*x**2 + 15*x + 1. Let q(b) = -5*d(b) - 6*i(b). What is q(-9)?
-5
Let y(g) = -g + 3. Let q be y(5). Let n(b) be the third derivative of -b**4/24 - b**3/3 - b**2. Give n(q).
0
Let t(m) = 10*m + 9 - 11*m + 1. Give t(6).
4
Let u(g) be the first derivative of g**3/3 - 3*g**2 - 6*g - 2. Suppose -5*p = -d + 21, 0 = -4*p - 0 - 12. Calculate u(d).
-6
Let f(a) = -a**3 - a**2 + 2*a + 1. Let s(p) = 6*p**3 + 15*p**2 - 9*p + 3. Let y(u) = 5*f(u) + s(u). Calculate y(-10).
-2
Let b(w) be the third derivative of -w**6/120 + w**5/12 + w**4/6 - w**3/6 - 2*w**2. What is b(6)?
-13
Let n(a) be the first derivative of -4*a - 1 - 1/2*a**2. What is n(4)?
-8
Let j = 8 - 16. Let b = 6 + j. Let p(i) be the third derivative of i**4/24 - i**3/3 - 2*i**2. Calculate p(b).
-4
Let j be (0 + 0)*(-3)/6*-1. Let u(p) = -p. What is u(j)?
0
Let z(r) = r - 1. Suppose 4*f - 30 = 2*f. Suppose 0 = -5*i - 2*d + 19, 3*i + d - f = -2*d. Suppose 5 + 1 = i*y. Calculate z(y).
1
Suppose 4*i = -13 - 15. Let k be (4 + 0)*6/4. Let g(r) = 8*r**2 + 4*r - 7. Let d(t) = 7*t**2 + 4*t - 6. Let s(n) = i*d(n) + k*g(n). Give s(-4).
0
Let r(t) = -5*t**2 - t - 2. Let m be r(-1). Let w(f) = -f**3 - 6*f**2 - 2. What is w(m)?
-2
Let v(m) = -1. Let z(x) = x - 7. Let n(c) = -18*v(c) + 2*z(c). Give n(-3).
-2
Let d(x) = x**2 - 2*x - 6. Suppose 0 = 3*o + 2*q + 12, o - 4*q + 1 = -3. Give d(o).
18
Let u(v) = 2*v - 3. Suppose p - 3*s = -1, -s = p + 3*s - 6. Determine u(p).
1
Suppose 3*f - 3*n - 6 = -0*f, -4*f + 5*n + 7 = 0. Let u(k) = -f*k**3 - k + k**2 + k**3 + 4*k**3. Let h(d) = -2*d - 1. Let b be h(-1). What is u(b)?
2
Let l(q) be the first derivative of q**2/2 - 5*q + 6. What is l(0)?
-5
Let h(r) be the first derivative of -2*r**2 - 6*r + 49. Suppose -4*v - 8 = -2*v. What is h(v)?
10
Let h(p) = -p + 4. Let c be (-54)/(-15) + 2/5. Give h(c).
0
Let t(h) be the third derivative of 0*h + 1/2*h**3 + 1/4*h**4 + 5*h**2 + 0 - 1/60*h**5. Calculate t(5).
8
Let m(c) = -c**3 - 2*c**2 + 3*c + 1. Let w(b) = -b**3 - 8*b**2 - 8*b + 1. Let v be w(-7). Let g = v - 11. What is m(g)?
1
Suppose -12 = -5*x + 4*w, -12 = -x - 3*w - w. Let c(m) = -2 - x + 0*m**2 + 3*m - m**2 + 5. Calculate c(1).
1
Let q be 1/2 - 93/(-6). Suppose 0 = t - 3*t - 5*y, -4*t - 2*y = -q. Suppose -2*j + 4*j + 6 = -t*c, 0 = -j + 5*c - 3. Let z(g) = -g**3 - 4*g**2 - g. Give z(j).
-6
Let m(v) = 6*v + v - v**2 - 3*v. Calculate m(6).
-12
Let p(y) = -y**2 - 4*y + 6. Let h = -12 + 17. Suppose -11 + h = a. Calculate p(a).
-6
Let g(c) be the third derivative of c**6/120 - c**5/15 - c**4/12 - 5*c**3/6 - 69*c**2. Let v(h) = h**2 - 4. Let o be v(-3). What is g(o)?
10
Suppose 7*l + 2*k = 6*l - 13, -23 = l + 4*k. Let c(o) = o**3 + 3*o**2 + o - 2. Determine c(l).
-5
Let s(v) be the first derivative of v**2/2 + 6*v - 2. Let x be (7 - 6)*(-2 - -2). Give s(x).
6
Let n be ((0 + 0)/(-3))/1. Suppose n = -2*h + 21 + 45. Let x be h/12 + 1/4. Let z(c) = -c**3 + 3*c**2 - 2*c + 2. What is z(x)?
-4
Suppose 4*t + 24 = -4*l, l - 9*t + 4*t = -6. Let p(s) = s**3 + 7*s**2 + 7*s + 3. Determine p(l).
-3
Let k(i) be the first derivative of -i**4/4 + i**3 + 2. Let z(p) = -p - 1. Let j be z(-7). Suppose -5*o + 5*y + 20 = 0, -2*y - 17 = -j*o + o. Give k(o).
0
Let q(l) be the first derivative of -1/2*l**2 + 4*l + 1. What is q(2)?
2
Suppose 0 = -5*f + 19 + 6. Let i be (2/3)/((-1)/(-3)). Suppose f*s = 3*u + 2, i*u + 10 = -4*s + 3*s. Let y(r) = r**3 + 4*r**2 + r + 5. Calculate y(u).
1
Let n(b) = -6*b**2 + b + 1. Let j be n(-1). Let d be (-2)/8*j*2. Let o(t) = -2*t**2 - t**d + 3 + 1 + 5*t - 2. What is o(-3)?
-4
Let i(x) be the second derivative of 2*x + 1/12*x**4 + 0*x**2 + 0 + 5/6*x**3. Let p(z) = z**2 + z - 5. Let a be p(0). Determine i(a).
0
Let m(f) = -f - 2. Suppose 4*l + 9 = -3. Let z be (4 - 2)*(-6)/l. Give m(z).
-6
Let r(h) = -h**2 + 6*h - 2. Let x be r(5). Let m(f) = -23 + 20 - f**2 - f**2 - f**2 - f + f**x. Give m(3).
-6
Let l(z) = 13 - 21 + 3 - 4*z + 8. Determine l(2).
-5
Suppose 0 = 4*p - 3*r - 0*r + 31, 5*p = -4*r - 31. Let y = p + 8. Let t(g) = g - 3 - 1 + 3 - y. What is t(0)?
-2
Le